{"id":84,"date":"2026-01-02T19:32:25","date_gmt":"2026-01-02T18:32:25","guid":{"rendered":"http:\/\/localhost\/?page_id=84"},"modified":"2026-02-21T00:04:14","modified_gmt":"2026-02-21T00:04:14","slug":"equipe","status":"publish","type":"page","link":"https:\/\/paristaekwondoclub.fr\/index.php\/equipe\/","title":{"rendered":"L&#8217;\u00e9quipe"},"content":{"rendered":"\n<h3 class=\"wp-block-heading has-text-align-center\" id=\"h.mc9c3iu9koq0_l\">Pr\u00e9sentations des responsables du club<br><br><\/h3>\n\n\n\n<p><\/p>\n\n\n\n<div class=\"wp-block-columns is-layout-flex wp-container-core-columns-is-layout-9d6595d7 wp-block-columns-is-layout-flex\">\n<div class=\"wp-block-column is-vertically-aligned-top is-layout-flow wp-block-column-is-layout-flow\" style=\"flex-basis:100%\"><div class=\"wp-block-image\">\n<figure class=\"aligncenter size-full is-resized\"><img decoding=\"async\" src=\"http:\/\/paristaekwondoclub.fr\/wp-content\/uploads\/2026\/01\/valerie.jpg\" alt=\"\" class=\"wp-image-116\" style=\"aspect-ratio:0.9786317431491535;width:426px;height:auto\"\/><figcaption class=\"wp-element-caption\">Val\u00e9rie<\/figcaption><\/figure>\n<\/div>\n\n\n<p><strong>Val\u00e9rie \u2014 Pr\u00e9sidente de l&#8217;association Paris Takwon-Do Club<br><\/strong>\u00ab Je suis une pratiquante passionn\u00e9e de Taekwon-Do ITF. J\u2019aime \u00eatre dans un d\u00e9passement de soi et apprendre au contact de mes pairs. Mon r\u00f4le est de porter la vision et l\u2019\u00e9nergie qui animent le club. \u00bb<br><br><\/p>\n<\/div>\n<\/div>\n\n\n<div class=\"wp-block-image\">\n<figure class=\"aligncenter size-full is-resized\"><img decoding=\"async\" src=\"http:\/\/paristaekwondoclub.fr\/wp-content\/uploads\/2026\/01\/sofia.jpg\" alt=\"\" class=\"wp-image-118\" style=\"aspect-ratio:0.9784729153434353;width:270px;height:auto\"\/><figcaption class=\"wp-element-caption\">Sofia<\/figcaption><\/figure>\n<\/div>\n\n\n<p><strong>Sofia \u2014 Secr\u00e9taire\u00a0de l&#8217;association\u00a0Paris Taekwon-Do Club<br><\/strong>\u00ab Le Taekwon-Do ITF est une vraie passion pour moi et ses valeurs m&#8217;inspirent au quotidien. En tant que secr\u00e9taire de l&#8217;association, je veille \u00e0 la bonne organisation administrative du club. \u00bb<br><br><br><br><\/p>\n\n\n\n<p><\/p>\n\n\n<div class=\"wp-block-image\">\n<figure class=\"aligncenter size-full is-resized\"><img decoding=\"async\" src=\"http:\/\/paristaekwondoclub.fr\/wp-content\/uploads\/2026\/01\/philippe.jpg\" alt=\"\" class=\"wp-image-117\" style=\"aspect-ratio:0.9771856340789591;width:274px;height:auto\"\/><figcaption class=\"wp-element-caption\">Philippe<\/figcaption><\/figure>\n<\/div>\n\n\n<p><strong>Philippe&nbsp;\u2014&nbsp;Tr\u00e9sorier&nbsp;de l&#8217;association&nbsp;Paris Taekwon-Do Club<\/strong><\/p>\n\n\n\n<p>\u00ab Pratiquant de longue date du Taekwon-Do ITF, art de l\u2019\u00e9quilibre entre force, respect et esprit, je m\u2019efforce de mettre ces principes en valeur. Comme tr\u00e9sorier, je travaille en \u00e9troite collaboration avec la pr\u00e9sidente et la secr\u00e9taire afin de garantir une gestion transparente et efficace. \u00bb<\/p>\n\n\n\n<h3 class=\"wp-block-heading\" id=\"h.u12q2quik1io_l\"><strong>Faites connaissance avec notre club !<\/strong><\/h3>\n\n\n\n<p>Notre club se repose sur la discipline, le respect et la solidarit\u00e9: valeurs fondamentales du Taekwon-Do ITF.<\/p>\n\n\n\n<p>Nous cultivons un esprit familial, fraternel et inclusif, o\u00f9 chacun trouve sa place, quel que soit son niveau.<\/p>\n\n\n\n<p>La rigueur \u00e0 l\u2019entra\u00eenement se conjugue avec la bienveillance entre pratiquants.es, afin de progresser ensemble.<\/p>\n\n\n\n<p>Nous croyons que la r\u00e9ussite vient autant de l\u2019excellence sportive que de l\u2019entraide et du partage.<\/p>\n","protected":false},"excerpt":{"rendered":"<p>Pr\u00e9sentations des responsables du club Val\u00e9rie \u2014 Pr\u00e9sidente de l&#8217;association Paris Takwon-Do Club\u00ab Je suis une pratiquante passionn\u00e9e de Taekwon-Do ITF. J\u2019aime \u00eatre dans un d\u00e9passement de soi et apprendre au contact de mes pairs. Mon r\u00f4le est de porter la vision et l\u2019\u00e9nergie qui animent le club. \u00bb Sofia \u2014 Secr\u00e9taire\u00a0de l&#8217;association\u00a0Paris Taekwon-Do Club\u00ab &hellip; <\/p>\n<p class=\"link-more\"><a href=\"https:\/\/paristaekwondoclub.fr\/index.php\/equipe\/\" class=\"more-link\">Continue reading<span class=\"screen-reader-text\"> &#8220;L&#8217;\u00e9quipe&#8221;<\/span><\/a><\/p>\n","protected":false},"author":1,"featured_media":0,"parent":0,"menu_order":0,"comment_status":"closed","ping_status":"closed","template":"","meta":{"footnotes":""},"class_list":["post-84","page","type-page","status-publish","hentry"],"_links":{"self":[{"href":"https:\/\/paristaekwondoclub.fr\/index.php\/wp-json\/wp\/v2\/pages\/84","targetHints":{"allow":["GET"]}}],"collection":[{"href":"https:\/\/paristaekwondoclub.fr\/index.php\/wp-json\/wp\/v2\/pages"}],"about":[{"href":"https:\/\/paristaekwondoclub.fr\/index.php\/wp-json\/wp\/v2\/types\/page"}],"author":[{"embeddable":true,"href":"https:\/\/paristaekwondoclub.fr\/index.php\/wp-json\/wp\/v2\/users\/1"}],"replies":[{"embeddable":true,"href":"https:\/\/paristaekwondoclub.fr\/index.php\/wp-json\/wp\/v2\/comments?post=84"}],"version-history":[{"count":1,"href":"https:\/\/paristaekwondoclub.fr\/index.php\/wp-json\/wp\/v2\/pages\/84\/revisions"}],"predecessor-version":[{"id":332,"href":"https:\/\/paristaekwondoclub.fr\/index.php\/wp-json\/wp\/v2\/pages\/84\/revisions\/332"}],"wp:attachment":[{"href":"https:\/\/paristaekwondoclub.fr\/index.php\/wp-json\/wp\/v2\/media?parent=84"}],"curies":[{"name":"wp","href":"https:\/\/api.w.org\/{rel}","templated":true}]}}